. What is the hundreds digit of w?
3
Let k = -612 + 10657. What is the tens digit of k?
4
Let i be (40/(-16) + 3)*10. Let h(q) = 24*q**2 - 17*q + 25. What is the hundreds digit of h(i)?
5
Let b = 18820 + 33622. What is the hundreds digit of b?
4
Let f(s) = -5*s - 41. Suppose -4*j - 3*z - 19 = 0, 0 = 5*j - j - 4*z + 40. Let y be f(j). Let i = y + 58. What is the tens digit of i?
5
Let g(x) = 2*x - 6. Let y be g(4). Suppose 0 = -d - v + 92, 0 = y*d - 7*v + 2*v - 212. Let o = d - 6. What is the tens digit of o?
9
Suppose 4*p - 265 = -6*z + z, 2*p = z - 67. Let x be (-64)/6*-14 + (-19)/z. Let o = x - 48. What is the hundreds digit of o?
1
Suppose -5*u + 59672 = z, 182*z + 59668 = 5*u + 181*z. What is the hundreds digit of u?
9
Let b(l) = l**3 - 28*l**2 + 41*l - 109. Let g be b(27). Suppose -d = p - 3*p - g, 5*d + p - 1323 = 0. What is the tens digit of d?
6
Let a(j) = -j**2 - 30*j - 88. Let k(u) = -2*u**2 - 30*u - 89. Let o(w) = -3*a(w) + 2*k(w). What is the tens digit of o(26)?
9
Let a(y) = -359*y**2 - 4*y + 7. Let k be a(2). Let z = -943 - k. What is the hundreds digit of z?
4
Let n(t) = 41*t**3 - 14*t**2 + 36*t - 185. What is the hundreds digit of n(6)?
3
Suppose -41113 - 37092 - 56211 = -8*k. What is the thousands digit of k?
6
Let u(b) = 3*b**2 + 3*b - 1. Let x be u(1). Suppose 2*y = x*t - 2*y - 386, 86 = t - 3*y. Let d = t + -45. What is the tens digit of d?
2
Suppose -24*a + 125624 = -210376. Suppose 4992 = 16*y - a. What is the units digit of y?
7
What is the thousands digit of 8 + 39815 - (-18 + 24/4)?
9
Let p(r) = -56*r + 13. Let u = 83 - 85. Let k(f) = -f + 1. Let w(h) = u*k(h) + p(h). What is the units digit of w(-1)?
5
Let b(x) = -3 + 0 - x + 0. Let a be b(-3). Suppose a*c - 5*c = -435. What is the units digit of c?
7
Suppose 5*d = 2*d + 198. Let k(a) = d*a**3 - a**2 - 5 + 18 - 13. What is the tens digit of k(1)?
6
Let c(b) = -224*b + 8897. What is the hundreds digit of c(12)?
2
Suppose -152*x = -133*x - 57057. What is the tens digit of x?
0
Suppose -5*f = y - 15980, -3*f = 2*y - 2*f - 31942. What is the hundreds digit of y?
9
Suppose 3*u - 756 = -4*b + b, -15 = -3*b. Suppose 25*m - u = 12*m. What is the units digit of m?
9
Suppose 2207196 = 342*h - 53*h - 3566157. What is the thousands digit of h?
9
Suppose -6*w = -5*w - 2*r - 2446, -r + 7317 = 3*w. What is the thousands digit of w?
2
Let g(y) = -2451*y + 21614. What is the hundreds digit of g(-23)?
9
Let l be (7 + (-87)/12)*-6028. Let o = l + -432. What is the units digit of o?
5
Suppose 3*v - 134660 = -f, -224412 = -71*v + 66*v + f. What is the thousands digit of v?
4
Let s = 75 - 70. Suppose 0 = 4*x - s*v + 4*v - 3858, -2*v = -3*x + 2891. What is the hundreds digit of x?
9
Let s be (-2)/(-6) + 628/6. Suppose -33*q - 130 = -2*l - 30*q, 2*q - 150 = -2*l. Let f = s - l. What is the tens digit of f?
3
Let p = 3129 + -107. What is the hundreds digit of p?
0
Suppose -3464250 = -51*l - 104*l. What is the ten thousands digit of l?
2
Suppose -11*k - 92 = -4. What is the units digit of 1/(((-12)/(-18))/(k/(-3)))?
4
Suppose -4*o = -3*i + 52585, -6*i + 10*i - 70088 = -o. What is the units digit of i?
3
Let m(v) = -4*v**3 - 19*v**2 - 42*v - 25. What is the thousands digit of m(-15)?
9
Suppose 15*c - 194200 = -22*c + 12*c. What is the tens digit of c?
6
Let c(k) = -k**2 - k + 3. Let s(j) = -62*j**2 + 3*j - 4. Let b(g) = -3*c(g) - s(g). What is the units digit of b(2)?
5
Let v = -242 - -245. Suppose 4*u - 1007 = -5*d, -3*u + 761 = d - v*d. What is the tens digit of u?
5
Let a(l) = -24*l**3 + 18*l**2 + 166*l + 1729. What is the hundreds digit of a(-10)?
8
Let f = -848 - -2968. What is the tens digit of f?
2
Suppose 43 = 4*i + 5*d - 160, d = -1. What is the tens digit of (-8)/i - (5728/(-26))/2?
1
Suppose -53*w = -114974 - 203768. What is the hundreds digit of w?
0
Suppose 4*s - 760 = 3*a, -a - 32 - 215 = 5*s. Let c = 517 + a. What is the hundreds digit of c?
2
Suppose -76*o + 75*o - 5 = 0. Let x be 260/50 - (0 - 1/o). Suppose -4*v + 813 = -u, 4 = 3*u - x. What is the tens digit of v?
0
Let i be 127 + 2/4*(-30)/(-3). Let w = 514 - i. What is the tens digit of w?
8
Suppose 5*t + 80280 = 2*c, 211609 - 10855 = 5*c + t. What is the hundreds digit of c?
1
Let k(r) = r**3 - r**2 + r - 1. Let w be k(2). Suppose o - 125 = 5*h + 168, 0 = w*o + 4*h - 1523. What is the units digit of o?
3
Let l(o) be the third derivative of 73*o**4/8 + 25*o**3/6 - 103*o**2. What is the hundreds digit of l(4)?
9
Let i be -2*(2 - (1 + 0 + 2)). Suppose 3 = -3*b, -z = i*b - 6*b - 53. Let d = z + 121. What is the units digit of d?
0
Suppose 2*f = -5*p + 101067, 3*p - 61946 = 2*f - 1325. What is the tens digit of p?
1
Let c = -22393 - -23759. What is the thousands digit of c?
1
Let a(f) = f + 1. Let g(h) = -35*h + 33. Let l(s) = -6*a(s) + g(s). What is the tens digit of l(-7)?
1
Suppose 0 = 34*s - 105028 - 1630. What is the hundreds digit of s?
1
Let o(v) = -4*v - 8. Let h be o(-3). Let t(m) = m**3 - 5*m**2 + 5*m - 2. Let f be t(h). Suppose c - 4*c - 188 = -f*l, l = -c + 104. What is the tens digit of l?
0
Suppose -145*w + 154*w - 167499 = 0. What is the tens digit of w?
1
Let x(w) = 4*w**2 - 3*w + 20. Let j = 349 + -344. What is the units digit of x(j)?
5
Suppose 0 = -15*j - 2 + 32. Let y(h) = -2368*h**2 + 4*h + 2382*h**2 - j - h. What is the units digit of y(3)?
3
Let t be (-834)/(-4)*5*28/105. What is the hundreds digit of (10/(-5) + 2 + t)/1?
2
Let c(u) be the first derivative of 50*u**3/3 - 3*u**2/2 - 10*u + 3. Let x be c(-2). Suppose 4*o = 3*t + 197, -4*o + x = 2*t - 26. What is the tens digit of o?
5
Suppose 0 = -27*x + 23*x + 8, -3*s - 3*x + 55137 = 0. What is the hundreds digit of s?
3
Let m be (18/(-15))/((-3)/10). Suppose 0 = m*s + q, 2*s + 0*q = -2*q. Suppose s = -2*k + 43 + 137. What is the tens digit of k?
9
What is the thousands digit of (-2095296)/(-104) - 5/(-195)*-3?
0
Let j(n) be the second derivative of 1/6*n**3 - 9*n - 3/2*n**2 + 0. What is the tens digit of j(21)?
1
Suppose -26 = -11*p + 18. Suppose 3*a = m + 2*m - 354, a - p*m + 103 = 0. Let w = -54 - a. What is the units digit of w?
9
Let k(y) be the first derivative of y**3/3 + 2*y**2 - 22*y + 390. Let x = -2 + -8. What is the tens digit of k(x)?
3
Let q(u) = -u**3 - 11*u**2 + 3*u - 101. Let f(y) = -y**2 + 34*y - 46. Let t be f(33). What is the units digit of q(t)?
8
Let j(q) = -3*q**2 + 3*q**2 + 3*q**2 - 2. Let l be (-216)/96*(-8)/3. What is the hundreds digit of j(l)?
1
Let x(a) = -2*a**3 - 5*a**2 + 9*a + 8. Let q be x(-5). Suppose 0 = -11*w + q + 11. What is the units digit of (w/(-2))/(6/(-12))?
9
Let y(t) = -3*t**2 - 7*t**2 - 20 - 24*t - 3*t**2 + 12*t**2. Let l be y(-21). What is the units digit of l*((-60)/(-33) + 2/11)?
6
Let g(v) = 2*v + 28*v**3 - 14*v**2 - 93*v**3 + 16*v**2 + 1. Let b(d) = d**3 - 6*d**2 + 7*d - 11. Let u be b(5). What is the tens digit of g(u)?
6
Suppose -5*n = 2864 - 10494. What is the thousands digit of n?
1
Let q(v) = -692*v**2 + v + 1. Let k be q(-1). Let l be k/(-8)*(-6)/(-3). Suppose o = -3*b - o + l, -5*o - 305 = -5*b. What is the tens digit of b?
5
Suppose -1848*q + 1854*q = 72. Let l(f) = -6*f - 70. Let n(h) = 7*h + 69. Let s(j) = 3*l(j) + 4*n(j). What is the tens digit of s(q)?
8
Let h(x) = -2*x**3 + 115*x**2 - 63*x + 153. Let c be h(57). Let q(r) = r**3 - 2*r**2 - 6*r + 6. Let t be q(5). Let s = t - c. What is the tens digit of s?
4
Let d(o) = -2*o**2 - 4*o + 2. Let m be d(-3). Let t be (-1)/(1 - (0 - 8/m)). What is the units digit of (-170)/(-15)*((-26)/(-4) + t)?
5
Let l(k) be the first derivative of 8*k + 5/3*k**3 + k**2 + 1. What is the units digit of l(4)?
6
Suppose 0 = 4*z + 567*j - 564*j - 32452, -2*j = 5*z - 40565. What is the units digit of z?
3
What is the units digit of (-31 - (-2282)/70) + 56644/10?
6
Suppose 0 = -3*f + u + 2*u + 45330, -30216 = -2*f + 3*u. What is the tens digit of f?
1
Suppose -3*g + i + 10 = 0, -2*g - 3*i = -0*g - 25. Suppose -3*y - g*n + 4 = -6, -2 = -n. Suppose y*q + 7 = q. What is the units digit of q?
7
Let t(o) = -o**3 - 8*o**2 + 9*o - 1. Let c = -32 + 23. Let x be t(c). What is the units digit of 3*x*(-5 - 13)?
4
Let p(o) = 778*o**2 + 48*o - 693. What is the ten thousands digit of p(7)?
3
Let x be (-3)/(-2)*2 + (12 - 4). Suppose 5*v - 1344 = -x*v. What is the tens digit of v?
8